- 1942*a + 36471. Determine u(195).
6
Let z(p) = -p**3 - 17*p**2 + 305*p + 4954. Determine z(-14).
96
Let a(k) = 79260*k + 79260. Determine a(-1).
0
Let p(v) = -v**3 + 72*v**2 - 517*v + 1. Calculate p(8).
-39
Let c(s) = -2686*s + 276851. Determine c(103).
193
Let w(a) = a**3 + 58*a**2 + 127*a + 3946. Determine w(-57).
-44
Let p(z) = 44*z - 5387. Give p(104).
-811
Let r(h) = -h**3 + 9*h**2 + 79*h - 577. Determine r(6).
5
Let x(q) = 3130*q + 58770. Calculate x(-19).
-700
Let t(z) = -885*z - 25608. What is t(-29)?
57
Let b(a) = -51*a**2 - 15045*a + 52. Give b(-295).
52
Let s(u) = 30671*u + 306679. Calculate s(-10).
-31
Let i(c) = 70592*c - 635326. Give i(9).
2
Let a(x) = -2936*x - 15050. What is a(-5)?
-370
Let d(h) = -54125*h - 108254. Calculate d(-2).
-4
Let r(g) = -14131*g + 1950112. Calculate r(138).
34
Let f(b) = 80*b**3 - 651*b**2 + 100*b - 108. Determine f(8).
-12
Let g(n) = 6*n**2 + 3138*n + 12449. Give g(-4).
-7
Let j(y) = 94*y + 2399. Determine j(-49).
-2207
Let a(c) = 3*c**2 - 46268*c + 1293146. Give a(28).
-6
Let j(c) = 13717*c - 27353. Calculate j(2).
81
Let y(s) = -s**2 + 3066*s - 91085. Give y(30).
-5
Let n(q) = -q**3 + 145*q**2 - 1227*q + 22. Determine n(9).
-5
Let l(i) = 421*i**2 + 34543*i + 1721. Calculate l(-82).
-1
Let w(j) = 2*j**3 - 50*j**2 + 49*j + 43. Determine w(23).
-946
Let i(b) = -693*b - 8616. Determine i(-13).
393
Let a(h) = -59*h**2 - 3611*h + 11317. What is a(3)?
-47
Let j(g) = -2*g**3 - 278*g**2 - 5596*g + 11853. What is j(-114)?
-3
Let n(f) = f**3 - 20*f**2 + 84*f - 44. Determine n(8).
-140
Let m(q) = -1620*q + 42170. Give m(26).
50
Let n(o) = 119*o + 15194. Determine n(-129).
-157
Let y(v) = 123*v**2 + 38766*v + 6611. What is y(-315)?
-4
Let y(k) = 3*k**2 + 1266*k + 18. Calculate y(0).
18
Let y(l) = 41122*l - 575689. Give y(14).
19
Let g(k) = -1813868*k - 1813868. What is g(-1)?
0
Let x(b) = -b**3 - 242*b**2 - 2141*b + 1756. Give x(-10).
-34
Let n(w) = w**3 - 63*w**2 - 1096*w - 113. Give n(-14).
139
Let s(v) = -v**2 - 584*v - 46390. Calculate s(-95).
65
Let w(b) = 9814*b + 2374943. Calculate w(-242).
-45
Let s(y) = 970*y**2 + 1456*y. Calculate s(1).
2426
Let g(q) = 369*q**2 + 18434*q - 885. Determine g(-50).
-85
Let o(j) = -5*j**2 - 605*j + 2982. Determine o(5).
-168
Let u(f) = -4*f**2 + 381*f - 8356. Calculate u(33).
-139
Let v(h) = h**2 + 697*h + 114655. Calculate v(-431).
9
Let j(h) = -2113*h + 13218. Give j(7).
-1573
Let o(f) = 73886*f - 1256101. Give o(17).
-39
Let m(a) = 423*a**3 + 2549*a**2 + 35*a - 182. Calculate m(-6).
4
Let q(b) = -13*b**3 - 869*b**2 + 142*b + 80. Give q(-67).
-456
Let o(c) = 3*c**3 - 27*c**2 + 263*c - 1998. Calculate o(8).
-86
Let b(h) = 51*h + 4119. Give b(-74).
345
Let p(j) = 889*j**2 - 53331*j - 512. What is p(60)?
28
Let z(v) = -v**2 - 1804*v - 584195. Calculate z(-423).
-32
Let o(p) = 779*p + 491545. Calculate o(-631).
-4
Let s(k) = -6*k**3 - 5*k**2 + 521*k - 2052. What is s(4)?
-432
Let n(y) = -3*y**2 + 254*y - 709. Give n(87).
-1318
Let n(f) = f**3 - 61*f**2 - 638*f + 38534. Give n(61).
-384
Let z(b) = -b**2 - 252*b - 6722. Calculate z(-29).
-255
Let y(g) = 1907*g + 1045131. What is y(-548)?
95
Let c(w) = -19135*w - 133953. What is c(-7)?
-8
Let f(v) = v**3 + 180*v**2 + 8057*v + 716. Calculate f(-97).
134
Let n(z) = 9686*z - 19372. Give n(2).
0
Let s(x) = 7*x**2 + 71*x + 18. Determine s(-14).
396
Let l(k) = 2*k**3 + k**2 - 33688*k - 14. What is l(0)?
-14
Let u(l) = 4*l**2 + 305*l - 3039. Give u(9).
30
Let n(z) = -z**3 + 3*z**2 + 836*z - 839. What is n(1)?
-1
Let r(n) = -166*n**3 + 2213*n**2 - 7078*n - 5. What is r(8)?
11
Let n(q) = -2*q**3 + 407*q**2 + 581*q - 76872. Determine n(204).
36
Let r(p) = 2*p**2 + 378*p - 319060. Give r(316).
100
Let w(f) = f**3 - 77*f**2 - 79*f - 90. Determine w(78).
-168
Let b(d) = -d**3 - 10*d**2 + 1343*d + 5458. Calculate b(-4).
-10
Let g(c) = 569*c + 15217. What is g(-28)?
-715
Let x(v) = -2813*v - 28057. Calculate x(-10).
73
Let j(b) = b**2 + 50*b + 1007. Give j(-46).
823
Let i(o) = 127*o**2 - 1406*o + 86. Give i(11).
-13
Let c(l) = 5*l - 249. What is c(-29)?
-394
Let b(t) = 1151*t + 96688. Calculate b(-84).
4
Let l(o) = -2*o**3 - 13*o**2 + 204243*o + 1225498. Give l(-6).
4
Let w(z) = 7045*z - 3747984. What is w(532)?
-44
Let t(m) = -362626*m + 725260. What is t(2)?
8
Let h(q) = -q**3 - 417*q**2 + 809*q - 11999. Determine h(-419).
152
Let s(k) = -2*k**3 + 442*k**2 - 396*k - 9714. Calculate s(220).
-34
Let w(l) = -l**3 + 138*l**2 - 4548*l - 1407. Calculate w(83).
4
Let h(s) = -277949*s + 76158032. Determine h(274).
6
Let y(s) = -5*s**2 + 3571*s - 73449. Give y(693).
9
Let m(c) = -2*c**3 - 13*c**2 + 32*c - 67. What is m(3)?
-142
Let i(l) = l**2 + 1721*l + 116231. Determine i(-70).
661
Let m(q) = q**3 - 43*q**2 - 499*q + 313. Give m(-10).
3
Let f(u) = -605*u - 22727. Calculate f(-36).
-947
Let c(m) = -15*m - 801. Calculate c(11).
-966
Let u(i) = -3*i**2 - 36586*i - 256116. Determine u(-7).
-161
Let z(f) = f**3 + 485*f**2 + 52277*f - 7945. What is z(-162)?
-7
Let h(a) = -418*a**2 + 2945*a - 56. Give h(7).
77
Let f(r) = -3901*r + 15500. What is f(4)?
-104
Let v(q) = -13*q**2 - 147*q - 974. What is v(-7)?
-582
Let w(j) = 5*j**3 - 2491*j**2 - 4507*j + 3503. Give w(500).
3
Let s(v) = -1711*v + 28950. Determine s(17).
-137
Let z(c) = 3*c**3 - c**2 - 1039*c - 5. What is z(0)?
-5
Let z(h) = -5*h**2 + 5*h - 112. Give z(-2).
-142
Let g(h) = -19*h**2 - 274*h - 588. Calculate g(-12).
-36
Let g(b) = 2*b**3 + 596*b**2 - 7446*b - 1848. Give g(-310).
12
Let n(i) = 228*i - 8882. Calculate n(39).
10
Let y(s) = 421543*s - 22763321. What is y(54)?
1
Let m(j) = 556*j - 17764. What is m(32)?
28
Let b(g) = -3228*g - 41865. What is b(-11)?
-6357
Let j(d) = 64*d**3 - 130*d**2 - 127*d + 255. Give j(2).
-7
Let k(y) = y**3 - 617*y**2 - 2004*y + 89298. Determine k(620).
18
Let p(n) = -29*n**2 - 1522*n + 3051. Determine p(2).
-109
Let q(z) = 1239*z - 48284. Calculate q(39).
37
Let x(u) = 3705*u + 137074. Calculate x(-37).
-11
Let d(o) = 965*o**2 - 6888*o + 932. What is d(7)?
1
Let x(v) = 14787*v + 30173. Calculate x(-2).
599
Let b(h) = -11*h**3 + 697*h**2 + 410*h + 69. Calculate b(64).
-2363
Let k(s) = -242*s + 72156. Determine k(302).
-928
Let k(o) = 2065*o + 5558. Determine k(-2).
1428
Let a(i) = -5*i**3 + 574*i**2 + 106*i + 1740. Determine a(115).
705
Let u(n) = 5*n**2 - 2411*n - 22192. Give u(-9).
-88
Let k(x) = -6*x**2 - 28*x + 5859. Calculate k(29).
1
Let w(t) = -19408*t - 58470. Determine w(-3).
-246
Let u(d) = -2*d**2 - 790*d + 3207. Calculate u(4).
15
Let d(f) = -21684*f - 520417. Calculate d(-24).
-1
Let l(j) = -4*j**2 - 1322*j + 31028. Determine l(22).
8
Let k(s) = 705*s**2 + 18437*s + 35. Give k(-26).
-2747
Let z(a) = -24864*a - 40080767. Calculate z(-1612).
1
Let z(d) = 49*d**2 + 1518*d - 28077. Calculate z(-44).
-5
Let n(b) = -24*b - 857. Calculate n(-44).
199
Let m(l) = l**3 - 23*l**2 - 41152*l - 286590. What is m(-7)?
4
Let u(t) = 4*t**2 + 18*t - 914. Calculate u(20).
1046
Let j(o) = 2*o**2 - 231*o + 4633. Calculate j(26).
-21
Let u(j) = -24697*j - 790275. What is u(-32)?
29
Let i(d) = -3*d**3 + 129*d**2 + 564*d + 79. What is i(47)?
79
Let k(v) = v**3 - v**2 - 194*v - 7. Give k(13).
-501
Let b(u) = 821*u**3 + 11493*u**2 + 91*u + 1492. Determine b(-14).
22
Let r(d) = -898*d - 12367. Give r(-15).
1103
Let r(w) = w**2 - 698*w - 236907. Give r(-250).
93
Let j(d) = -d**3 - 311*d**2 + 2622*d - 587. Give j(8).
-27
Let c(h) = -302*h**2 + 1762*h + 300. Determine c(6).
0
Let s(r) = r**3 + 224*r**2 + 19*r + 4502. Give s(-224).
246
Let i(b) = -7*b**2 + 153*b - 1568. Determine i(11).
-732
Let t(n) = 4903*n - 15434643. Calculate t(3148).
1
Let q(i) = -115*i + 951. Give q(17).
-1004
Let s(w) = w**2 + 187*w + 7477. Determine s(-58).
-5
Let x(b) = 2480781*b + 14884635. Give x(-6).
-51
Let w(g) = -66*g**2 - 11306*g - 157548. Calculate w(-156).
12
Let j(k) = -34*k**3 - 777*k**2 + 125*k + 278. What is j(-23)?
48
Let i(s) = 2*s**3 + 49*s**2 - 278*s - 510. What is i(-29)?
-17
Let k(p) = 2101*p + 6174. What is k(-3)?
-129
Let t(k) = -85*k**2 - 9116*k - 11241. Determine t(-106).
-5
Let f(i) = -i**3 + 889*i**2 + 1754*i + 24624. Determine f(891).
-324
Let u(z) = 293*z + 5779. Determine u(-22).
-667
Let p(y) = -y**2 - 149*y + 3854. Give p(25).
-496
Let b(t) = 5*t**2 + 732*t - 12915. 